{"id":4,"date":"2015-12-18T16:53:51","date_gmt":"2015-12-18T15:53:51","guid":{"rendered":"https:\/\/www.jizdynakoni.cz\/?page_id=4"},"modified":"2016-01-19T20:14:38","modified_gmt":"2016-01-19T19:14:38","slug":"o-nas","status":"publish","type":"page","link":"https:\/\/www.jizdynakoni.cz\/de\/o-nas\/","title":{"rendered":"Ekofarma &#8211; O n\u00e1s"},"content":{"rendered":"<p><a href=\"https:\/\/www.jizdynakoni.cz\/wp-content\/uploads\/2015\/12\/detske-tabory32.jpg\"><img loading=\"lazy\" decoding=\"async\" class=\"size-medium wp-image-77 alignright\" src=\"https:\/\/www.jizdynakoni.cz\/wp-content\/uploads\/2015\/12\/detske-tabory32-300x169.jpg\" alt=\"detske tabory3\" width=\"300\" height=\"169\" srcset=\"https:\/\/www.jizdynakoni.cz\/wp-content\/uploads\/2015\/12\/detske-tabory32-300x169.jpg 300w, https:\/\/www.jizdynakoni.cz\/wp-content\/uploads\/2015\/12\/detske-tabory32-1024x578.jpg 1024w\" sizes=\"auto, (max-width: 300px) 100vw, 300px\" \/><\/a>V\u00edt\u00e1me V\u00e1s na samot\u011b, mezi pastvinami, lesem a rybn\u00edkem u Do\u017eic. Do\u017eice le\u017e\u00ed mezi Nepomukem a Ro\u017emit\u00e1lem pod T\u0159em\u0161\u00ednem, na ji\u017en\u00edm c\u00edpu Brd.<\/p>\n<p>Vlastn\u00ed kon\u011b m\u00e1me od roku 1997, do Do\u017eic jsme v l\u00e9t\u011b 2015 p\u0159est\u011bhovali st\u00e1do 7 kon\u00ed z usedlosti u Karl\u0161tejna. M\u00e1me zku\u0161enosti s v\u00fdukou jezdc\u016f jak mal\u00fdch tak i dosp\u011bl\u00fdch. \u00a0Pro n\u00e1\u0161 styl pr\u00e1ce s ko\u0148mi n\u00e1s hodn\u011b motivovala na jedn\u00e9 stran\u011b zku\u0161enost z putov\u00e1n\u00ed Mongolskem v letech 2000, 2005 a 2010. Dal\u0161\u00edm velk\u00fdm podn\u011btem a tak\u00e9 br\u00e1nou do sv\u011bta p\u0159irozen\u00e9 komunikace s ko\u0148mi n\u00e1m byla a je od roku 2007 Eli\u0161ka \u0160ulcov\u00e1, d\u00edky kter\u00e9 jsme se nau\u010dili zach\u00e1zet s ko\u0148mi \u00a0\u0161etrn\u00fdm a radostn\u00fdm zp\u016fsobem. T\u00edmto zp\u016fsobem tak\u00e9 p\u0159istupujeme ke h\u0159\u00edbat\u016fm, obsed\u00e1me na\u0161e mlad\u00e9 kon\u011b a vyu\u010dujeme na\u0161e klienty.<\/p>\n<p>Na\u0161e kon\u011b nekoveme, jezd\u00edme na provazov\u00fdch ohl\u00e1vk\u00e1ch a dop\u0159\u00e1v\u00e1me jim celoro\u010dn\u00ed pobyt venku na pastvin\u00e1ch. Maj\u00ed tak\u00e9 p\u0159\u00edst\u0159e\u0161ek pro nep\u0159\u00edzniv\u00e9 po\u010das\u00ed, ale pokud v n\u011bm nen\u00ed n\u011bco k sn\u011bdku, tak d\u00e1vaj\u00ed jednozna\u010dn\u011b p\u0159ednost voln\u00e9 pastvin\u011b.<\/p>\n<p>V Do\u017eick\u00e9m ml\u00fdn\u011b jsme pro v\u00e1s vytvo\u0159ili klidn\u00e9 a idilick\u00e9 m\u00edsto na samot\u011b, kde je mo\u017en\u00e9 si odpo\u010dinout od stresu be\u017en\u00e9ho dne. Mezi zv\u00ed\u0159aty (kon\u011b, ovce, kozy,ko\u010dky a\u00a0dr\u016fbe\u017e) m\u016f\u017eete \u201ejenom\u201c odpo\u010d\u00edvat, ale tak\u00e9 se seznamovat se z\u00e1klady p\u0159irozen\u00e9 komunikace s ko\u0148mi, pracovat na sv\u00e9m jezdeck\u00e9m um\u011bn\u00ed na j\u00edzd\u00e1rn\u011b, vyjet si na vyj\u00ed\u017e\u010fku s pr\u016fvodcem, nebo je mo\u017en\u00e9 domluvit si cestu na kon\u00edcn na v\u00edce dn\u00ed.<\/p>\n<p>Kr\u00e1sn\u00e1 okoln\u00ed p\u0159\u00edroda l\u00e1k\u00e1 k proch\u00e1zk\u00e1m, p\u0159i hezk\u00e9m po\u010das\u00ed je mo\u017en\u00e9 zaplavat si v rybn\u00edku nebo se povozit na lod\u00edch.<\/p>\n","protected":false},"excerpt":{"rendered":"<p>V\u00edt\u00e1me V\u00e1s na samot\u011b, mezi pastvinami, lesem a rybn\u00edkem u Do\u017eic. Do\u017eice le\u017e\u00ed mezi Nepomukem a Ro\u017emit\u00e1lem pod T\u0159em\u0161\u00ednem, na ji\u017en\u00edm c\u00edpu Brd. Vlastn\u00ed kon\u011b m\u00e1me od roku 1997, do Do\u017eic jsme v l\u00e9t\u011b 2015 p\u0159est\u011bhovali st\u00e1do 7 kon\u00ed z &hellip; <a href=\"https:\/\/www.jizdynakoni.cz\/de\/o-nas\/\">Weiter<\/a><\/p>\n","protected":false},"author":3,"featured_media":48,"parent":0,"menu_order":12,"comment_status":"closed","ping_status":"closed","template":"","meta":{"_exactmetrics_skip_tracking":false,"_exactmetrics_sitenote_active":false,"_exactmetrics_sitenote_note":"","_exactmetrics_sitenote_category":0,"ngg_post_thumbnail":0,"footnotes":""},"class_list":["post-4","page","type-page","status-publish","has-post-thumbnail","hentry"],"_links":{"self":[{"href":"https:\/\/www.jizdynakoni.cz\/de\/wp-json\/wp\/v2\/pages\/4","targetHints":{"allow":["GET"]}}],"collection":[{"href":"https:\/\/www.jizdynakoni.cz\/de\/wp-json\/wp\/v2\/pages"}],"about":[{"href":"https:\/\/www.jizdynakoni.cz\/de\/wp-json\/wp\/v2\/types\/page"}],"author":[{"embeddable":true,"href":"https:\/\/www.jizdynakoni.cz\/de\/wp-json\/wp\/v2\/users\/3"}],"replies":[{"embeddable":true,"href":"https:\/\/www.jizdynakoni.cz\/de\/wp-json\/wp\/v2\/comments?post=4"}],"version-history":[{"count":8,"href":"https:\/\/www.jizdynakoni.cz\/de\/wp-json\/wp\/v2\/pages\/4\/revisions"}],"predecessor-version":[{"id":559,"href":"https:\/\/www.jizdynakoni.cz\/de\/wp-json\/wp\/v2\/pages\/4\/revisions\/559"}],"wp:featuredmedia":[{"embeddable":true,"href":"https:\/\/www.jizdynakoni.cz\/de\/wp-json\/wp\/v2\/media\/48"}],"wp:attachment":[{"href":"https:\/\/www.jizdynakoni.cz\/de\/wp-json\/wp\/v2\/media?parent=4"}],"curies":[{"name":"wp","href":"https:\/\/api.w.org\/{rel}","templated":true}]}}

Ekofarma &#8211; O nás

<p><a href="https://www.jizdynakoni.cz/wp-content/uploads/2015/12/detske-tabory32.jpg"><img loading="lazy" decoding="async" class="size-medium wp-image-77 alignright" src="https://www.jizdynakoni.cz/wp-content/uploads/2015/12/detske-tabory32-300x169.jpg" alt="detske tabory3" width="300" height="169" srcset="https://www.jizdynakoni.cz/wp-content/uploads/2015/12/detske-tabory32-300x169.jpg 300w, https://www.jizdynakoni.cz/wp-content/uploads/2015/12/detske-tabory32-1024x578.jpg 1024w" sizes="auto, (max-width: 300px) 100vw, 300px" /></a>Vítáme Vás na samotě, mezi pastvinami, lesem a rybníkem u Dožic. Dožice leží mezi Nepomukem a Rožmitálem pod Třemšínem, na jižním cípu Brd.</p>
<p>Vlastní koně máme od roku 1997, do Dožic jsme v létě 2015 přestěhovali stádo 7 koní z usedlosti u Karlštejna. Máme zkušenosti s výukou jezdců jak malých tak i dospělých.  Pro náš styl práce s koňmi nás hodně motivovala na jedné straně zkušenost z putování Mongolskem v letech 2000, 2005 a 2010. Dalším velkým podnětem a také bránou do světa přirozené komunikace s koňmi nám byla a je od roku 2007 Eliška Šulcová, díky které jsme se naučili zacházet s koňmi  šetrným a radostným způsobem. Tímto způsobem také přistupujeme ke hříbatům, obsedáme naše mladé koně a vyučujeme naše klienty.</p>
<p>Naše koně nekoveme, jezdíme na provazových ohlávkách a dopřáváme jim celoroční pobyt venku na pastvinách. Mají také přístřešek pro nepříznivé počasí, ale pokud v něm není něco k snědku, tak dávají jednoznačně přednost volné pastvině.</p>
<p>V Dožickém mlýně jsme pro vás vytvořili klidné a idilické místo na samotě, kde je možné si odpočinout od stresu bežného dne. Mezi zvířaty (koně, ovce, kozy,kočky a drůbež) můžete „jenom“ odpočívat, ale také se seznamovat se základy přirozené komunikace s koňmi, pracovat na svém jezdeckém umění na jízdárně, vyjet si na vyjížďku s průvodcem, nebo je možné domluvit si cestu na konícn na více dní.</p>
<p>Krásná okolní příroda láká k procházkám, při hezkém počasí je možné zaplavat si v rybníku nebo se povozit na lodích.</p>

<p>Vítáme Vás na samotě, mezi pastvinami, lesem a rybníkem u Dožic. Dožice leží mezi Nepomukem a Rožmitálem pod Třemšínem, na jižním cípu Brd. Vlastní koně máme od roku 1997, do Dožic jsme v létě 2015 přestěhovali stádo 7 koní z &hellip; <a href="https://www.jizdynakoni.cz/de/o-nas/">Weiter</a></p>
